t common factor of 126 and 1799802?
18
What is the greatest common factor of 105669 and 1393?
199
Calculate the greatest common factor of 2274 and 14339844.
2274
What is the greatest common factor of 279144 and 2376?
72
Calculate the greatest common divisor of 33 and 528.
33
What is the highest common factor of 13 and 524693?
13
Calculate the greatest common divisor of 9916 and 15008.
268
What is the highest common divisor of 528176 and 176?
176
Calculate the greatest common divisor of 265264 and 3653.
281
What is the highest common factor of 416283 and 86?
43
Calculate the highest common divisor of 3351722 and 292.
146
What is the highest common factor of 1275 and 280?
5
Calculate the highest common factor of 700 and 2828.
28
Calculate the highest common divisor of 418122 and 162.
162
What is the greatest common factor of 3066 and 1050?
42
Calculate the highest common divisor of 63 and 20877633.
63
Calculate the highest common factor of 952 and 6567848.
952
What is the greatest common divisor of 13 and 14490463?
13
Calculate the greatest common factor of 12 and 126972.
12
Calculate the greatest common divisor of 39437 and 21289.
349
Calculate the greatest common factor of 1364 and 286.
22
What is the greatest common factor of 96 and 221344?
32
What is the highest common factor of 231 and 1287?
33
Calculate the greatest common factor of 15728279 and 413.
413
What is the greatest common divisor of 23552 and 4992?
128
What is the greatest common divisor of 82417 and 803?
73
Calculate the highest common divisor of 45 and 10265.
5
What is the highest common factor of 675 and 91875?
75
What is the greatest common divisor of 875 and 38300?
25
What is the highest common factor of 88 and 648?
8
Calculate the highest common divisor of 192744 and 216.
72
Calculate the greatest common divisor of 722 and 128155.
361
Calculate the highest common factor of 9880 and 2704.
104
Calculate the greatest common factor of 60288 and 2355.
471
Calculate the highest common divisor of 98 and 88928.
14
What is the greatest common divisor of 60 and 120980?
20
What is the greatest common factor of 6307 and 2380?
119
Calculate the highest common divisor of 28204 and 44.
44
What is the greatest common divisor of 895 and 14141?
179
What is the highest common divisor of 544 and 39776?
32
What is the greatest common factor of 646266 and 38?
38
Calculate the greatest common divisor of 78 and 202.
2
Calculate the greatest common factor of 764760 and 156.
12
What is the greatest common factor of 897 and 30199?
299
Calculate the greatest common divisor of 3729 and 1122.
33
Calculate the greatest common factor of 510322 and 124.
62
Calculate the greatest common factor of 30 and 1839975.
15
Calculate the highest common factor of 628181 and 857.
857
Calculate the highest common factor of 2015 and 744.
31
Calculate the highest common divisor of 2493 and 45.
9
Calculate the greatest common divisor of 65996 and 84.
28
Calculate the greatest common divisor of 881 and 39.
1
What is the highest common divisor of 86 and 2738?
2
Calculate the highest common divisor of 13130 and 2158.
26
What is the highest common factor of 144 and 35451?
9
Calculate the highest common factor of 10638 and 124898.
394
Calculate the greatest common divisor of 530 and 190535.
265
What is the highest common factor of 319 and 551?
29
Calculate the greatest common factor of 36 and 850572.
36
What is the highest common factor of 59 and 17?
1
Calculate the greatest common factor of 598 and 2249.
13
Calculate the greatest common factor of 29302 and 1378.
26
What is the greatest common factor of 16 and 2342?
2
What is the greatest common divisor of 945 and 30051?
189
Calculate the greatest common factor of 2230 and 410.
10
Calculate the greatest common divisor of 1113194 and 174.
58
What is the greatest common factor of 1288 and 392?
56
What is the highest common divisor of 2618 and 946?
22
Calculate the greatest common divisor of 18941 and 2015.
403
What is the greatest common factor of 1917003 and 363?
363
What is the greatest common factor of 806985 and 5675?
1135
Calculate the highest common factor of 13363 and 7.
7
What is the highest common divisor of 23700 and 350?
50
What is the greatest common factor of 137473 and 82?
41
Calculate the highest common divisor of 154371 and 357.
21
What is the greatest common factor of 39555 and 3105?
135
Calculate the highest common divisor of 52399 and 854.
61
Calculate the highest common divisor of 2751 and 4179.
21
What is the highest common factor of 16 and 3120?
16
What is the highest common divisor of 164 and 593393?
41
Calculate the highest common factor of 57183 and 735.
147
Calculate the greatest common divisor of 209 and 3707.
11
What is the highest common factor of 194 and 2837638?
194
What is the highest common factor of 3552 and 61494?
222
What is the greatest common factor of 10890 and 2670?
30
Calculate the greatest common divisor of 60 and 3630.
30
What is the greatest common divisor of 412485 and 6?
3
What is the highest common factor of 510 and 8277810?
510
Calculate the highest common factor of 969489 and 81.
81
Calculate the highest common factor of 95394 and 42.
6
What is the highest common divisor of 4820 and 185?
5
Calculate the greatest common factor of 6116120 and 40.
40
What is the greatest common divisor of 45 and 27030?
15
Calculate the greatest common divisor of 30616 and 774.
86
What is the highest common factor of 1439264 and 4?
4
Calculate the greatest common factor of 40 and 62180.
20
What is the greatest common factor of 38 and 1227362?
38
What is the highest common divisor of 57076 and 532?
76
What is the highest common factor of 186126 and 134?
134
Calculate the highest common divisor of 17220 and 4428.
492
What is the greatest common divisor of 29 and 611813?
29
What is the greatest common factor of 25936 and 144?
16
Calculate the greatest common factor of 923729 and 51.
17
What is the greatest common divisor of 31483 and 893?
19
Calculate the greatest common factor of 1666799 and 153.
17
Calculate the greatest common factor of 121 and 51029.
11
What is the greatest common factor of 70 and 23910?
10
Calculate the highest common divisor of 3864 and 378.
42
What is the highest common divisor of 4 and 3644?
4
What is the highest common factor of 109 and 1?
1
Calculate the highest common divisor of 455141 and 2091.
697
What is the highest common factor of 629 and 18632?
17
Calculate the highest common factor of 100203 and 4572.
381
What is the highest common factor of 600 and 653000?
200
What is the greatest common factor of 32686 and 2655?
59
What is the greatest common divisor of 8130 and 1770?
30
Calculate the highest common divisor of 3457884 and 12.
12
Calculate the greatest common divisor of 48202 and 1232.
154
What is the greatest common divisor of 98222 and 201?
67
Calculate the highest common divisor of 1760 and 1520.
80
Calculate the greatest common factor of 955935 and 1164.
291
Calculate the greatest common factor of 672 and 1800.
24
Calculate the greatest common divisor of 98 and 1241121.
49
Calculate the greatest common divisor of 41561 and 46345.
299
Calculate the greatest common divisor of 24012 and 4292.
116
What is the greatest common divisor of 225 and 485400?
75
What is the highest common factor of 479476 and 4?
4
What is the greatest common divisor of 175677 and 217?
31
What is the greatest common divisor of 2 and 5563?
1
What is the greatest common factor of 18 and 371367?
9
What is the greatest common divisor of 1085 and 1546776?
217
What is the greatest common divisor of 339177 and 3006?
501
Calculate the greatest common factor of 573839 and 3824.
239
Calculate the greatest common factor of 814 and 87838.
74
What is the greatest common divisor of 6403 and 4381?
337
What is the greatest common factor of 6072 and 10989?
33
Calculate the greatest common factor of 45196 and 28.
4
Calculate the highest common divisor of 381259 and 51.
17
What is the highest common factor of 400 and 48375?
25
What is the greatest common divisor of 15688 and 72?
8
Calculate the highest common factor of 46900 and 775.
25
Calculate the greatest common factor of 232 and 375376.
232
Calculate the highest common divisor of 95904 and 59200.
1184
C